e 11) to base 3
2112120021
-42110101 (base 5) to base 8
-1246606
-84930 (base 11) to base 10
-123574
13456021 (base 7) to base 15
19ca31
10311223 (base 8) to base 9
4123108
Convert -10305366 (base 9) to base 16.
-4bbee0
Convert -a76024 (base 13) to base 2.
-1110111110100000110101
Convert -7152890 (base 10) to base 4.
-123102103322
What is 43582e (base 16) in base 5?
2112212421
What is -10010001110101010 (base 2) in base 5?
-4342131
Convert -23130232 (base 4) to base 12.
-2317a
Convert 12f1 (base 16) to base 12.
2981
Convert 145b3 (base 12) to base 7.
146046
-6231451 (base 8) to base 14
-30dc01
What is 251767 (base 9) in base 12?
74144
Convert 94100 (base 11) to base 7.
1111020
What is 23b80a (base 13) in base 16?
d0726
What is b2829 (base 16) in base 3?
1101010222122
Convert -172505 (base 8) to base 16.
-f545
Convert 12023130 (base 4) to base 8.
61334
What is -13886 (base 10) in base 3?
-201001022
What is 1020211210 (base 4) in base 3?
120002211201
What is -5982 (base 11) in base 8?
-17232
-448154 (base 12) to base 16
-10aad0
What is -2e5d0 (base 16) in base 8?
-562720
10103131331 (base 4) to base 15
1744b2
-30100210 (base 4) to base 9
-75781
3231221200 (base 4) to base 15
14363d
What is 25544633 (base 7) in base 4?
20321000210
Convert 561452 (base 8) to base 4.
232030222
What is -1100101000011110110000 (base 2) in base 11?
-1962008
Convert -108133 (base 15) to base 6.
-24505520
What is 65bca (base 14) in base 7?
2044543
Convert 1605642 (base 7) to base 11.
140762
What is 34411 (base 5) in base 11?
1956
51b648 (base 13) to base 9
3531348
Convert 46959 (base 14) to base 4.
221333003
What is -127254 (base 8) in base 6?
-543004
Convert -1614311 (base 7) to base 15.
-45d7e
Convert 1041660 (base 10) to base 3.
1221220220000
Convert -392022 (base 10) to base 9.
-656670
Convert 12c51d2 (base 15) to base 9.
27417348
What is -c5798 (base 13) in base 6?
-11335345
What is -10001112221112 (base 3) in base 9?
-3045845
What is 110110111111001111110 (base 2) in base 10?
1801854
What is -11100101010100101010011 (base 2) in base 7?
-120605010
Convert 2056265 (base 7) to base 3.
110200020222
-305322 (base 11) to base 7
-4111066
Convert 1012012011 (base 3) to base 14.
87a3
What is 2628708 (base 11) in base 13?
c34145
Convert -4493088 (base 10) to base 4.
-101020330200
What is 717929 (base 14) in base 15?
508163
What is -207791 (base 10) in base 9?
-346028
Convert 2067676 (base 9) to base 14.
20ba82
Convert -2833c (base 13) to base 11.
-515a5
-4357592 (base 10) to base 12
-1561908
What is 1126365 (base 8) in base 15?
60bd1
Convert 31334 (base 8) to base 10.
13020
What is 2023503 (base 8) in base 2?
10000010011101000011
22254 (base 7) to base 11
4254
26533 (base 15) to base 4
131330301
Convert -2011200011012 (base 3) to base 8.
-4317441
Convert -1129011 (base 10) to base 16.
-113a33
-419f5 (base 16) to base 12
-10b671
-3626be (base 16) to base 3
-20200022010100
What is -1420120 (base 5) in base 7?
-151513
What is 121100002011020 (base 3) in base 9?
17302136
-2224162 (base 9) to base 6
-41354215
Convert -300128 (base 11) to base 14.
-c81ba
13016235 (base 9) to base 12
2181005
-21002101000122 (base 3) to base 15
-4e6125
Convert 21b297 (base 14) to base 9.
2134300
341073 (base 9) to base 10
204186
-14810051 (base 9) to base 4
-130023221110
Convert 38882 (base 9) to base 10.
26237
What is 6251090 (base 10) in base 8?
27661122
-105416443 (base 7) to base 6
-345413104
What is -a04732 (base 12) in base 2?
-1001100001011100010110
What is -42443331 (base 5) in base 4?
-1113230300
1325345 (base 6) to base 8
220101
Convert 112024 (base 6) to base 4.
2110300
What is 1358b (base 16) in base 13?
2a0b8
What is 1101101111110000010 (base 2) in base 10?
450434
Convert -2002120122202 (base 3) to base 5.
-241114122
171036 (base 9) to base 6
2133310
What is 3613602 (base 8) in base 16?
f1782
Convert 12120120002210 (base 3) to base 14.
571d9a
Convert -12270338 (base 9) to base 13.
-1325807
What is 1142122044 (base 5) in base 11?
1579719
Convert 478052 (base 9) to base 15.
5a502
Convert -95ba1 (base 12) to base 15.
-3d564
What is -167aa08 (base 11) in base 15?
-3b5d57
3c9b14 (base 14) to base 16
201056
What is -2110212122 (base 3) in base 9?
-73778
What is -30322132232 (base 4) in base 14?
-6419a6
-110001011010000000 (base 2) to base 4
-301122000
What is 23c10 (base 16) in base 2?
100011110000010000
131103302100 (base 4) to base 11
4378572
What is -340214 (base 9) in base 12?
-9997a
Convert 37987 (base 15) to base 5.
21141102
Convert -206391 (base 10) to base 4.
-302120313
Convert -4600477 (base 8) to base 13.
-347bac
What is -472176 (base 10) in base 5?
-110102201
Convert 2bb6074 (base 13) to base 11.
7a37507
What is -6aa50 (base 13) in base 10?
-195091
-12100211202 (base 3) to base 10
-105590
What is -767024 (base 9) in base 11?
-292a83
What is -384c2 (base 15) in base 4?
-223323311
What is -112033023 (base 5) in base 15?
-9dc43
-12ab4b (base 13) to base 12
-199903
Convert -87685c (base 16) to base 5.
-4232432301
What is -619460 (base 10) in base 3?
-1011110201222
491871 (base 11) to base 13
213381
3696a79 (base 11) to base 6
345351400
What is -6734156 (base 8) in base 10?
-1816686
Convert 36c102 (base 13) to base 5.
313434110
-2005004 (base 7) to base 16
-39dd9
Convert -2010221 (base 4) to base 14.
-3145
2c8a8 (base 14) to base 7
643001
-6d41b7 (base 16) to base 14
-d455c3
Convert -11101001100001 (base 2) to base 13.
-6a58
12411411 (base 5) to base 9
206317
What is -1431158 (base 13) in base 3?
-110001011021212
Convert -10101010111010011110 (base 2) to base 16.
-aae9e
What is -120454545 (base 6) in base 10?
-2278145
What is -422005 (base 7) in base 13?
-2713c
What is -4a971 (base 15) in base 13?
-84670
What is -1234200342 (base 5) in base 6?
-145034541
What is -450b23 (base 12) in base 8?
-4145513
What is 2560701 (base 13) in base 12?
3ab4949
Convert 4458aa (base 11) to base 2.
10101101011101101111
Convert -19b290 (base 13) to base 16.
-9f6a4
-89718c (base 13) to base 4
-30113300301
-3044452 (base 9) to base 5
-403430404
Convert -100110001110010001000101 (base 2) to base 12.
-3432685
-100a54 (base 11) to base 9
-266585
Convert 11101021111 (base 3) to base 12.
41a94
What is -373350 (base 9) in base 13?
-7b87c
Convert -2234453 (base 6) to base 12.
-55a29
-210211210102 (base 3) to base 12
-18899b
What is 107313 (base 12) in base 2?
111111110011111111
What is -11606260 (base 8) in base 16?
-270cb0
What is 1021303421 (base 5) in base 4?
20021031031
Convert -16316b7 (base 15) to base 4.
-331123203133
Convert -21271 (base 8) to base 6.
-105053
What is 35303401 (base 6) in base 3?
2001202002101
-47643 (base 9) to base 14
-b888
Convert -aba304 (base 13) to base 9.
-7551875
2001323443 (base 5) to base 3
21101211001121
Convert -2420334011 (base 5) to base 8.
-25401224
23276 (base 15) to base 4
123111000
What is -10111000000100010000000 (base 2) in base 8?
-27004200
Convert -15244034 (base 6) to base 15.
-a870d
-10101110100000001000 (base 2) to base 5
-140333020
Convert -3916a7 (base 11) to base 15.
-c2c9b
102000201211101 (base 3) to base 4
112112233102
What is -131123203211 (base 4) in base 8?
-35334345
Convert -cb0d (base 14) to base 10.
-35097
What is -172811 (base 11) in base 4?
-1001032230
What is -58ab05 (base 12) in base 7?
-15100640
-3424404033 (base 5) to base 3
-112101211211021
What is 1822b (base 13) in base 9?
70720
What is 101100111101010011000011 (base 2) in base 3?
211011202112201
-1373c60 (base 14) to base 4
-203330123330
Convert 21120011000 (base 3) to base 4.
210111120
-153320446 (base 7) to base 3
-201100211111001
Convert 146b07a (base 12) to base 13.
b15638
What is -818382 (base 9) in base 7?
-4060202
-2771003 (base 11) to base 16
-48d99c
-12410423 (base 5) to base 11
-84137
5ed1 (base 16) to base 5
1234043
-1120200121000 (base 3) to base 7
-10066452
Convert -20323 (base 12) to base 14.
-113d1
What is -2361421 (base 7) in base 10?
-300679
Convert 1541455 (base 6) to base 4.
112033223
What is 1b1650b (base 14) in base 5?
11424021341
Convert -1001110001001001100111 (base 2) to base 14.
-4a9251
What is -1033132003 (base 4) in base 5?
-40404012
Convert -1851601 (base 9) to base 7.
-11551546
9ac68 (base 14) to base 7
3123061
-1001000110110001011010 (base 2) to base 10
-238703